{"id":8,"date":"2022-11-21T14:31:49","date_gmt":"2022-11-21T17:31:49","guid":{"rendered":"https:\/\/carlosp.com.br\/comum\/?page_id=8"},"modified":"2022-11-23T10:47:16","modified_gmt":"2022-11-23T13:47:16","slug":"o-grupo","status":"publish","type":"page","link":"https:\/\/carlosp.com.br\/comum\/o-grupo\/","title":{"rendered":"O grupo"},"content":{"rendered":"<p>Comum \u00e9 uma <strong>Comunidade de Estudos de Teoria da Hist\u00f3ria da UERJ<\/strong> em fase de inicial de organiza\u00e7\u00e3o e desenvolvimento. Tem com o principal objetivo ampliar o ensino e a pesquisa nas \u00e1reas de Teoria da Hist\u00f3ria e Hist\u00f3ria da Historiografia na Universidade do Estado do Rio de Janeiro, bem como consolidar parcerias com institui\u00e7\u00f5es brasileiras e estrangeiras. O grupo une interessados provenientes de v\u00e1rios laborat\u00f3rios e linhas de pesquisa.<\/p>\n<p>A<strong> Comunidade de Estudos de Teoria da Hist\u00f3ria da UERJ (COMUM)<\/strong> foi criada em 2016, no \u00e2mbito da Universidade do Estado do Rio de Janeiro, com o objetivo de promover estudos e pesquisas acerca das pr\u00e1ticas e viv\u00eancias ocorridas em espa\u00e7os acad\u00eamicos e n\u00e3o-acad\u00eamicos, consolidando uma rede de interlocu\u00e7\u00e3o formada por pesquisadores, pesquisadoras e estudantes de institui\u00e7\u00f5es brasileiras e estrangeiras da \u00e1rea da Teoria da Hist\u00f3ria e Hist\u00f3ria da Historiografia.<\/p>\n","protected":false},"excerpt":{"rendered":"<p>Comum \u00e9 uma Comunidade de Estudos de Teoria da Hist\u00f3ria da UERJ em fase de inicial de organiza\u00e7\u00e3o e desenvolvimento. Tem com o principal objetivo ampliar o ensino e a pesquisa nas \u00e1reas de Teoria da Hist\u00f3ria e Hist\u00f3ria da Historiografia na Universidade do Estado do Rio de Janeiro, bem como consolidar parcerias com institui\u00e7\u00f5es &hellip; <a href=\"https:\/\/carlosp.com.br\/comum\/o-grupo\/\" class=\"more-link\">Continue reading <span class=\"screen-reader-text\">O grupo<\/span><\/a><\/p>\n","protected":false},"author":1,"featured_media":839,"parent":0,"menu_order":0,"comment_status":"closed","ping_status":"closed","template":"","meta":{"footnotes":""},"class_list":["post-8","page","type-page","status-publish","has-post-thumbnail","hentry"],"acf":[],"_links":{"self":[{"href":"https:\/\/carlosp.com.br\/comum\/wp-json\/wp\/v2\/pages\/8","targetHints":{"allow":["GET"]}}],"collection":[{"href":"https:\/\/carlosp.com.br\/comum\/wp-json\/wp\/v2\/pages"}],"about":[{"href":"https:\/\/carlosp.com.br\/comum\/wp-json\/wp\/v2\/types\/page"}],"author":[{"embeddable":true,"href":"https:\/\/carlosp.com.br\/comum\/wp-json\/wp\/v2\/users\/1"}],"replies":[{"embeddable":true,"href":"https:\/\/carlosp.com.br\/comum\/wp-json\/wp\/v2\/comments?post=8"}],"version-history":[{"count":4,"href":"https:\/\/carlosp.com.br\/comum\/wp-json\/wp\/v2\/pages\/8\/revisions"}],"predecessor-version":[{"id":846,"href":"https:\/\/carlosp.com.br\/comum\/wp-json\/wp\/v2\/pages\/8\/revisions\/846"}],"wp:featuredmedia":[{"embeddable":true,"href":"https:\/\/carlosp.com.br\/comum\/wp-json\/wp\/v2\/media\/839"}],"wp:attachment":[{"href":"https:\/\/carlosp.com.br\/comum\/wp-json\/wp\/v2\/media?parent=8"}],"curies":[{"name":"wp","href":"https:\/\/api.w.org\/{rel}","templated":true}]}}